pose 3*n = -24, 16*t = 19*t - 4*n - 166445. What is the tens digit of t?
7
Suppose -5*b - 163 = 3*j - 6*b, 0 = 2*j + 5*b + 86. Let f = -49 - j. Suppose n - 2*n + z + 133 = 0, -z - 529 = -f*n. What is the units digit of n?
2
Let t(k) = k**2 - 13*k - 27. Let v be t(15). Suppose v*i - i + 4*m - 678 = 0, 0 = 2*i - 5*m - 705. What is the units digit of i?
5
Let m = -9637 - -14003. What is the tens digit of m?
6
Suppose -9*v - 64*v + 1204500 = 0. What is the hundreds digit of v?
5
Suppose 4*h - 5*p - 2816 = 2000, -p - 1203 = -h. What is the tens digit of h?
9
Suppose -3 = g + 1, -424 = -2*y + g. Suppose -2*t = 2*p + 150, 4*p + 2*t + 86 = -y. Let b = 74 - p. What is the units digit of b?
7
Let s(y) = -8 - 132 + 40 + 17*y + 283*y - 81. What is the thousands digit of s(4)?
1
Let p = 206 - 266. What is the hundreds digit of (-21354)/p - (-5)/(50 - 0)?
3
Let q(w) = w**3 - 2*w + 8. Let c = 78 + -65. Suppose 5*g = 4*u + 25, -2*g + c - 3 = -5*u. What is the tens digit of q(g)?
2
Let k(f) = 15*f - 319. Let p be k(50). Let l = 537 + p. What is the tens digit of l?
6
Suppose -6*w - 201 = -411. Suppose 2*s = 3*k - 2*k + 15, 5*s - 5*k = w. What is the units digit of s?
8
Suppose -s = k + 2*s - 93, 0 = -3*k + 4*s + 240. Let w be (-10)/25 + k/10. Suppose 29*u - w = 28*u. What is the units digit of u?
8
Let n be ((-13)/2)/(2/(-8)). Suppose 28*u - 18531 = 99*u. Let o = n - u. What is the hundreds digit of o?
2
Suppose 4*f = 4*s + 29252, 1356*f = 1355*f + 2*s + 7307. What is the tens digit of f?
1
Suppose 2*w = -3*w + 255. Suppose 0 = z + 5*r - 129 + w, 293 = 4*z + r. What is the tens digit of z?
7
Suppose 2*g - 11714 = -18*j + 16*j, 0 = 5*g + j - 29257. What is the hundreds digit of g?
8
Let a = 3 + 15. Let c(g) = a*g**2 + 3 - 19*g**2 + 4*g + 118*g**2. What is the units digit of c(-1)?
6
Suppose 49*t - 34130 = 44*t + m, 5*t - 5*m - 34130 = 0. What is the hundreds digit of t?
8
Suppose -2*j = -60 + 14. Let q be 4 + 0 + (j - -36). What is the units digit of (-144)/q - (-4)/14 - -66?
4
Let b be 2 + (-18)/7 + (-36)/(-14). Suppose 0 = -5*p + 2*r + 445, 66 = p - b*r - 3*r. Suppose -z = -125 - p. What is the units digit of z?
6
Suppose -19*u = -21 - 93. Suppose -3*b + u*b - 849 = 0. What is the tens digit of b?
8
Suppose -5*n + 18234 = -3*c, -2*n + 4*c + 14584 = 2*n. Suppose -4451 = -13*z + n. What is the hundreds digit of z?
6
Suppose -4*l = 5*b - 10*b - 30, 5*l = -3*b + 19. Let h(m) = -8*m + 9. Let a(c) = -c**2 - 7*c + 10. Let p(w) = l*h(w) - 4*a(w). What is the units digit of p(7)?
7
What is the tens digit of 5485 + (-3 + 0)*(-235)/(-141)?
8
Let a be 4 + (82 + 0 - (0 - -1)). Let p = a - 155. Let o = p - -132. What is the units digit of o?
2
Let q(o) = 2976*o**2 + 57*o + 88. What is the thousands digit of q(-4)?
7
What is the units digit of (-6)/(-9)*(17 - -3733)?
0
Let u(y) = y**2 + 23*y - 22. Let b be u(-24). Suppose -b*f + 2*p = -752, -4*p = 12*f - 15*f + 1127. What is the hundreds digit of f?
3
Suppose 3*v = 4*v + 84. Suppose -3*y + 27 = 51. What is the units digit of v/(-1) - (-10 - y)?
6
Suppose z = 5*h + 102095 - 267862, 2*z = 16. What is the thousands digit of h?
3
Let a(q) be the second derivative of -16*q**3/3 - 55*q**2/2 + 48*q. What is the hundreds digit of a(-8)?
2
Let m(s) = -3*s**3 - 7*s**2 + s + 393. What is the tens digit of m(-23)?
6
Let p be 3 + -2 + 0 + (-18)/(-6). Suppose 3*y = 2*y - p*y. Suppose y = -3*m + 823 - 253. What is the units digit of m?
0
Suppose -55962 = 27*j - 36*j. What is the thousands digit of j?
6
Suppose 0*u - 3*u = -450. Let k = -119 + 22. Let v = k + u. What is the tens digit of v?
5
Suppose 743 = -w + 2*k - 98, 5*w + 4150 = -k. Let g = w + 1380. What is the units digit of g?
9
Suppose 6*n - 4*n + 2*y = 14, -5*y + 11 = n. Suppose 168 = 6*t + n*t. Suppose 10*h + 612 = t*h. What is the tens digit of h?
5
Suppose 248207 = 34*s + 31355. What is the thousands digit of s?
6
Suppose -21886 = -2*i - 2*l, 0 = 39*i - 44*i + 2*l + 54652. What is the ten thousands digit of i?
1
What is the hundreds digit of 1/((-6423180)/377835 + 17)?
1
Suppose -3*r + 3*f = 999, 3*f = -5*r + 4*r - 329. Let c = 10 - r. What is the tens digit of c?
4
Suppose -96577 = -36*c + 1128395. What is the ten thousands digit of c?
3
Let o(x) = -x**3 + 5*x**2 + 2*x - 5. Let f be o(5). Let b = 58 - 55. Suppose -2*c = 3*s - 13, b*s + 5*c - c - f = 0. What is the units digit of s?
7
Let m(s) = -15 + 3*s + 0*s**2 + s**2 + 50 - 21*s. Let z be m(16). Suppose 2*x = z*x - 169. What is the units digit of x?
9
Let t(b) be the third derivative of 7*b**5/10 - 3*b**4/4 + 8*b**3/3 + 76*b**2. What is the units digit of t(1)?
0
Let g = 6887 - 3442. What is the units digit of g?
5
Suppose 1080 = -5*g - 0*g - 5*h, -h = 2*g + 432. Let v be g/99 - 2/(-11) - -18. Suppose 0 = -9*n + v*n - 672. What is the units digit of n?
6
Let z = -13300 - -19936. What is the tens digit of z?
3
Suppose 3*q + j = 54, j - 21 = -2*q + 14. Suppose -q*k + 1299 = -1665. What is the tens digit of k?
5
Let w(u) = -5*u**3 - 3*u - 9. Let f be w(4). Let x = 681 + f. What is the tens digit of x?
4
Let i be (27/(-6))/((-135)/20 - -6). Suppose i*r = 1037 + 643. What is the units digit of r?
0
Let g = 23 - 19. Suppose g*h - 3*d = -201 - 8, -5*h - 3*d = 241. What is the tens digit of (6/(-5))/((-9)/h)*-3?
2
What is the units digit of (-39556)/(-748) + (-30)/34 + 1?
3
Let p(y) = 667*y**3 - 2*y**2 - 26*y + 49. What is the units digit of p(2)?
5
Let n be 1272/36 + 9 - 1/3. Suppose -n*j + 41*j = -1044. What is the units digit of j?
8
Let d = -43 + 39. Let p(b) = 4*b + 12. Let w be p(d). What is the units digit of 69 + (w + -8)/(-4)?
2
What is the tens digit of (-3508)/(-2) + (-1)/((-16)/48)?
5
Suppose -4*l + 50 = 74, -4354 = -2*g + 3*l. What is the thousands digit of g?
2
Suppose 2*i - i = -5*b + 49, -2*b - 5*i = -15. Let h(w) = w**2 - 10*w + 6. Let n be h(b). Suppose 295 = -g + n*g. What is the tens digit of g?
5
Let m = 7838 + -7087. What is the units digit of m?
1
Let w = -4390 + 8119. Suppose 0 = -5*r + w - 489. What is the hundreds digit of r?
6
Let x = -22162 - -39478. What is the thousands digit of x?
7
Suppose 17*m - 285994 - 423706 = -80428. What is the thousands digit of m?
7
Let r = -2851 + 9331. What is the thousands digit of r?
6
Let b(t) = t**2. Let c(z) = 6*z**3 + 3*z**2 - z + 1. Let f(m) = -4*b(m) + c(m). Suppose -30*u = -231*u + 201. What is the units digit of f(u)?
5
Let x be ((-1200)/96)/(-1*2/4). Suppose -t + 1425 = c, 0 = -x*t + 22*t + 4*c + 4247. What is the tens digit of t?
2
Let l(h) = -h**3 - 14*h**2 + h - 96. Suppose -3*r = 3*j + 39, -j = 41*r - 43*r + 25. What is the hundreds digit of l(j)?
7
Let f be (-3)/2 + (-18810)/20. Let i = 1797 + f. What is the units digit of i?
5
Let b(f) = -23*f**2 - 2*f - 27. Let p(z) = -22*z**2 - 2*z - 28. Let g(t) = -6*b(t) + 5*p(t). What is the units digit of g(-3)?
8
Suppose -5*q + 202*o + 62574 = 208*o, -4*o = 5*q - 62556. What is the thousands digit of q?
2
Suppose -231*l + 1716291 = -933279. What is the tens digit of l?
7
Let q(v) = 79*v - 292. Let m(r) = -r + 6. Let c(i) = -6*m(i) - q(i). What is the hundreds digit of c(-13)?
2
Suppose -5*b + 10725 = -6372 - 32353. What is the hundreds digit of b?
8
Let u be (2/(-6))/((-8)/(-192)). What is the units digit of 1037/7 + u/56?
8
Let a = -77 + 80. Suppose 3*y + 10 = -5*x, 4*x - 3*x = -a*y - 2. What is the tens digit of (1 + 16)*(-2 - x - -2)?
3
Let i(s) = -s**3 + 3*s - 3. Let q be i(2). Let w(u) = -4*u**3 - 6*u**2 + 2*u - 5. What is the hundreds digit of w(q)?
3
Let z(x) = 18*x + 124. Let s be z(-6). What is the hundreds digit of 4/s*1449 - 1/4?
3
Let m = -135 - -130. What is the tens digit of (2 + 14/m)/(6/(-2220))?
9
Let n = 34388 - 12513. What is the tens digit of n?
7
Suppose -114*j + 13199668 = 162*j - 32*j. What is the tens digit of j?
9
Let y(o) = o**3 + 33*o**2 + 25*o - 101. Let r be y(-34). Let b = r + 2952. What is the hundreds digit of b?
8
Let b(v) = 2158*v + 2154. What is the tens digit of b(9)?
7
Let j = 105591 - 60889. What is the units digit of j?
2
Suppose -27 = -7*x + 1. Suppose -2*f + x*m + 0*m + 632 = 0, 2*f - m - 623 = 0. What is the tens digit of f?
1
Let y(t) = 3124*t**2 + 18*t - 85. What is the thousands digit of y(3)?
8
Suppose -2*g + 2*q - 6 = 0, 8*g - 6*g + q = -3. Let c = 6 - 4. What is t